e (d - (-2 - 0)) + -3 + 2. Let m(z) = -z**2 - z + 1. Determine m(v).
1
Let r(n) be the second derivative of -n**4/6 - n**3/3 + n**2/2 + n. Suppose -85590 = -56*m - 85702. Give r(m).
-3
Suppose 3 = 10*d - 147. Let n(f) = 6*f**2 - 4*f**2 - 7*f + 8 + f**3 + 2*f**2 - d. Let q be 10/(0 + -2) - 0. What is n(q)?
3
Let u(o) = -5*o + 56 + 64 - 138. Determine u(6).
-48
Let q(u) = -u**3 + 10*u**2. Suppose 0*c - 3*c = 48. Let t be 10 + (0 - -1) + (-134 - -138). Let j be c/6*t/(-4). Determine q(j).
0
Let j(k) = -18*k - 50. Let g = 19411 + -19415. Calculate j(g).
22
Let q(t) = -t + 7. Let i(g) = 49*g - 295. Let b be i(6). Suppose y - 3*k = 6*y - 11, -5*y - 4*k = -8. Let o = b - y. Give q(o).
12
Let c = 4281 - 4281. Let o(z) be the third derivative of z**5/60 + z**4/12 + 5*z**3/6 - 6*z**2. Give o(c).
5
Let o(m) be the second derivative of m**7/840 + m**6/72 - m**5/30 + 7*m**4/24 + 29*m**3/6 + m - 19. Let z(s) be the second derivative of o(s). What is z(-6)?
-5
Let s(r) = r - 34. Let k = -3821 - -3835. Determine s(k).
-20
Let r(o) be the third derivative of o**6/360 - o**5/8 + o**4/6 + 83*o**3/6 + 3*o**2 + 11. Let b(s) be the first derivative of r(s). Determine b(15).
4
Let t(r) = 3*r - 9. Let w(b) = -b**2 - 23*b - 37. Suppose 0 = -25*n + 23*n - 42. Let m be w(n). What is t(m)?
6
Let f(u) be the second derivative of u**4/6 - u**3 + 5*u**2/2 - 439*u. Calculate f(1).
1
Let h(k) = 3 - 2 + 79*k - 80*k. Let q = -74 + 86. Suppose q*c = 67 - 19. Give h(c).
-3
Let y(b) = 1 + 7*b + b**3 - 277*b**2 + 5 + 283*b**2. Let k(f) = -f**2 - 9*f + 6. Let d = -68 + 58. Let q be k(d). Determine y(q).
10
Let q(w) = w**3 + 9*w**2 + 8*w + 11. Suppose 0 = i + 4*a + 20, 5*i = 9*i + 5*a + 47. Calculate q(i).
11
Let i = 1560 - 1568. Let r(g) = g**3 - g**2 - 68*g + 30. Determine r(i).
-2
Suppose 4*t - 14*o = -11*o - 23, 4*o = 4. Let z(l) be the third derivative of -l**6/120 - l**5/10 - l**4/3 - 2*l**3/3 + 19*l**2. Calculate z(t).
11
Suppose -68 = -73*t - 20 + 98. Let a(z) = -13*z**3 - 2*z**2 + 3*z - 1. Determine a(t).
-107
Let a(f) = 27*f - 53. Let q(g) = 4*g + 5. Let i(c) = a(c) - 8*q(c). Calculate i(-17).
-8
Let v(u) = 3*u + u**3 + 13 - 2477*u**2 + 3 + 0*u**3 + 2480*u**2 + 2*u. What is v(-5)?
-59
Let u(l) be the first derivative of 3*l**2 - 3*l + 6. Suppose -27*t - 78 = -t. Calculate u(t).
-21
Let p(f) = -2*f**2 + f - 1. Let d(n) = -n**3 + 11*n**2 - 16*n + 12. Let h(m) = d(m) + 2*p(m). Determine h(4).
2
Let f = 14 + -11. Let l be (-1 + 6/3)*5. Let w(x) = l + 0*x + 2*x - f. Determine w(3).
8
Let a(x) = -160*x + 397. Let u(f) = -802*f + 2029. Let l(z) = 11*a(z) - 2*u(z). Give l(2).
-3
Let j(x) = -x**3 + 9*x**2 - 7*x - 8. Let r(u) = -28784*u + 28772*u - 7 - 9. Let l be r(-2). Give j(l).
0
Let j(n) = 29*n - 3*n + 4 - 21*n. Suppose -d - 4*w - 12 = 8, 4*d = -5*w - 25. Let k be -3 + d - (-5 + -1). What is j(k)?
19
Let r(s) be the third derivative of s**4/3 + 3*s**3/2 + 4686*s**2. Determine r(0).
9
Let t = 433 - 244. Let y be 18/t - (-372)/63. Let d(l) = -l**3 + 7*l**2 - l - 6. Determine d(y).
24
Let b(m) = -17*m - 4. Suppose -i = g + 2, -26*i - 42*i + 494 = -2*g. Determine b(i).
-123
Let d(f) = f**3 - 5*f**2 - 7*f. Let a be 15/(-5) + (6/(-2) - 49). Let q = -54 - a. Suppose -2*v - 4*t = 6 - 14, t + q = 0. Determine d(v).
-6
Let u(q) = 2*q**2 - 13*q - 1. Let i(j) = j**2 - 81*j + 457. Let l be i(75). Give u(l).
6
Let r(y) = y + 2. Let d(k) = -k**2 + 6*k + 19. Let j be d(8). Suppose 2*o - j = -3*n, -o - 3*n = -0*n - 3. Determine r(o).
2
Let f(z) = z**2 - 12*z - 106. Suppose 83*s = 86*s + 3*i + 15, -4*i + 34 = -5*s. Determine f(s).
2
Let o(r) = 2*r**3 - 2*r**2 - r - 2. Let k be o(2). Let f(z) = z + 7*z**2 + k + z**3 + z + 1 + 1. Let l(b) = b**2 + 28*b + 189. Let n be l(-14). What is f(n)?
-8
Let r(y) = 3*y**3 - y**2 - y + 2. Let w(p) = -19*p**3 + 17*p**2 - 4*p - 20. Let z(l) = -6*r(l) - w(l). Calculate z(10).
8
Suppose -370 = 21*y - 97. Let p(n) = n + 11. Determine p(y).
-2
Let z(t) = -3*t - 2. Let l(h) = 3*h + 2. Let k(d) = -5*l(d) - 6*z(d). Let a(p) = 119*p**2 - 114*p**2 + 17 - p**3 - 4*p + 15*p. Let i be a(7). What is k(i)?
-10
Let p be (35/(-21))/((-5)/6). Suppose 5*r + 11 = -2*j + 2*r, 19 = -3*j - p*r. Let m(i) = 8*i**2 + 2 - 7*i - 1 + 7 - 9*i**2. What is m(j)?
8
Let q(z) = z**3 - 9*z**2 - 13*z. Let f(v) = v**3 + 45*v**2 + 37*v - 298. Let p be f(-44). Give q(p).
-30
Suppose 30*k + 418 = 238. Let j(v) = 16*v - 12. What is j(k)?
-108
Let q(o) be the first derivative of -o**4/4 - 10*o**3/3 - 8*o**2 - 62*o + 156. Calculate q(-9).
1
Let a = -4628 - -4631. Let o(x) = -x - 15. Calculate o(a).
-18
Let g(t) = t + 11. Let x be 4*2/((-16)/(-40)). Let q be (-30)/x - 42/(-4). Determine g(q).
20
Let x(m) = -3*m**3 - 2*m**2 + m - 2. Suppose 0 = 53*d - 45*d - 80. Suppose 6 = -t - 2*y, 4*y + d = -y. Calculate x(t).
12
Let j(p) be the first derivative of p**3/3 + 13*p**2/2 + 5*p + 1282. Calculate j(-14).
19
Let h(z) = -z**3 - 12*z**2 - 20*z + 3. Let c be h(-10). Let b(k) = -4*k - 15. Let n(p) = -11*p - 45. Let t(m) = c*n(m) - 8*b(m). What is t(-10)?
-5
Let g(i) = i**2 + 7*i - 1. Let a be (8/(-4) + -4)*(-4)/6. Let o be -3 - 10*1*(-2)/a. Let p be (-13)/o + 10/(-20). Calculate g(p).
-1
Let w(x) = -2*x**3 - 85395*x**2 - 13 + x**3 + 85411*x**2 - 11 + 3 - 27*x. Calculate w(14).
-7
Let w(u) = -46*u**2. Let d be 5/(-1) + (28/(-4) - (-338)/26). Determine w(d).
-46
Suppose -24 = 375*a + 375*a - 746*a. Let k(d) = -2*d**2 - 6*d + 44. What is k(a)?
8
Let s be (-2 + (3 - (-38)/4))*2. Suppose 26*v - s*v = 10. Let f(c) = -4 - 4*c**2 - 2*c + 4*c**2 - 2*c**v + 3*c**2. What is f(3)?
-1
Let u(d) = d**2 - 7*d - 5. Let c be -1 + -18*18/(-12). Suppose -4*a - v = -2*v + 18, -5*a + 3*v = c. Determine u(a).
39
Suppose 4*i - 102 = o, -2*o = -5*i + 48 + 81. Let n(l) = -5*l + 129. Calculate n(i).
4
Let u(h) = -4*h**2 - 3*h**2 + 368*h - 365*h - 12 + 8*h**2. Calculate u(0).
-12
Let c(t) = -5*t + 56. Suppose 5*g - 31*q - 46 = -29*q, -3*g - 5*q = -40. Give c(g).
6
Let o(r) = 8223*r - 7*r**2 - 3 + 0*r**3 - 8231*r - 2*r**3 + 3*r**3. What is o(8)?
-3
Let o(r) = -r**2 + 10*r - 1. Let z be o(10). Let s(u) = -204*u**2 - 5*u + 13. Let q(t) = 45*t**2 + t - 3. Let p(x) = 9*q(x) + 2*s(x). Give p(z).
-3
Suppose 9*z - 5*z = 16, 4*n - 5*z + 68 = 0. Let v = n - -14. Let o(j) = j - 1. Let h(k) = 15*k - 6. Let q(d) = -h(d) + 5*o(d). What is q(v)?
-19
Suppose 8*r = 226 - 106. Let s be (r*7/140)/((-2)/8). Let l(q) = q**3 + q**2 - 4*q. What is l(s)?
-6
Let o = -226 + 224. Let l(n) = 7*n - 8. Let t(g) = 10*g - 9. Let w(q) = o*t(q) + 3*l(q). Calculate w(-5).
-11
Let m be (-2)/(-3 + 62/22). Suppose 3*y + 40 = m*y. Suppose 2*b = -3*b + y. Let p(v) = 6*v - 1. Give p(b).
5
Let p(v) = v**2 - 2*v - 9 - 5*v + v. Let z(n) = 4*n**3 - 205*n**2 + 2625*n + 33. Let x be z(26). Give p(x).
-2
Let z = -73 - -81. Suppose -3*x = 4*s - z, 4 = 2*s + 5*x - 4*x. Let m(l) = s + 2624*l**3 - 2623*l**3 + 8*l**2 - 6*l - 3*l**2. Calculate m(-6).
2
Suppose -4*w - 4 = 0, 41*w = 3*m + 45*w - 32. Let o(h) = -h**3 + 13*h**2 - 15*h + 27. Determine o(m).
-9
Let g(q) be the second derivative of q**4/4 - 4*q**3/3 - 9*q**2/2 - 2*q - 693. What is g(-2)?
19
Let d(g) = -14*g - 144. Let p(l) = -4*l**3 - 46*l**2 + 16*l - 107. Let w be p(-12). Determine d(w).
10
Let t(k) = -262 - 13*k**2 + 277 + 14*k**2. Determine t(7).
64
Let v(r) be the first derivative of r**5/4 + r**4/12 + r**3/3 - 45*r - 60. Let f(o) be the first derivative of v(o). What is f(-2)?
-40
Let s(w) be the third derivative of w**5/60 + w**4/24 + 13*w**3/6 - w**2. Let p(v) = 38*v - 43. Let y be p(3). Suppose 69*d - y*d = 0. Give s(d).
13
Let w(c) be the second derivative of 0*c**2 - 13/12*c**4 + 0 + 25*c + 1/60*c**5 + 0*c**3 + 1/360*c**6. Let i(o) be the third derivative of w(o). What is i(-3)?
-4
Suppose c + 5*m = 0, -41*c + 24 = -37*c - 4*m. Let r(h) be the first derivative of h**3/3 - h**2 - 10*h + 6. Calculate r(c).
5
Let f be (3*2)/(-1)*(-51)/153. Let y(d) = 2 + f*d**3 + 0*d**3 + 8 - 2*d - d**2 - 10 - 1. Suppose -19 = -g + 4*o - 9*o, -3*g - o + 1 = 0. Calculate y(g).
-2
Let c(d) = 14*d + 187. Suppose -663*l = 3926 + 5356. Give c(l).
-9
Let q(r) = -4683*r + 90 - r**2 + 4697*r - 103. Suppose 2*n = 6*n - 52. What is q(n)?
0
Suppose -5*x = -2*i + 48, i = 5*x - 10*x - 36. Let g(q) = -q**3 - 9*q**2 - 9*q + 15. What is g(x)?
23
Let b(o) b